d9 + -2?
-2adb
In base 7, what is 165220 - -4?
165224
In base 13, what is -3 - 30?
-33
In base 7, what is 3044 + 12?
3056
In base 7, what is 1 + 204?
205
In base 3, what is 100111 + 22?
100210
In base 9, what is 272 + 7?
280
In base 13, what is -2b0 - -1?
-2ac
In base 13, what is ab + -29?
82
In base 11, what is -1 + -a25?
-a26
In base 12, what is 14 - 42?
-2a
In base 5, what is 2 - 2?
0
In base 6, what is 52 - -5513?
10005
In base 9, what is -14 + -24?
-38
In base 11, what is 2 - 820?
-819
In base 16, what is c8 + -9?
bf
In base 4, what is 11300 + 13?
11313
In base 4, what is -12 + 1233?
1221
In base 15, what is -7 + 7?
0
In base 7, what is 0 - 10?
-10
In base 6, what is 1552 + -13?
1535
In base 2, what is 1110000 + 101?
1110101
In base 6, what is 54 + -1105?
-1011
In base 14, what is -94 - a?
-a0
In base 10, what is -49 + -38?
-87
In base 16, what is 4ef + 3?
4f2
In base 10, what is 20 - 116?
-96
In base 5, what is 1 - 0?
1
In base 16, what is 10 + -580?
-570
In base 6, what is 143 + 4?
151
In base 16, what is 2130 - -4?
2134
In base 6, what is 0 + -114?
-114
In base 3, what is 10 + -2022?
-2012
In base 13, what is -1 + 52?
51
In base 16, what is 28 - -5?
2d
In base 13, what is -77a - 2?
-77c
In base 8, what is -244 + -2?
-246
In base 13, what is 5 - -39?
41
In base 12, what is -404 - 5?
-409
In base 16, what is -74 - -26?
-4e
In base 12, what is -933 - 3?
-936
In base 15, what is 3a - -18?
53
In base 2, what is 111110001 + 0?
111110001
In base 11, what is -6 + 398?
392
In base 8, what is -104 - 6?
-112
In base 7, what is 1005 + 4?
1012
In base 4, what is -1010203 + 11?
-1010132
In base 8, what is 472 - 2?
470
In base 10, what is 4 + -3?
1
In base 12, what is 1 + -1359?
-1358
In base 14, what is 1 + 36?
37
In base 14, what is 7 + c9?
d2
In base 10, what is 12 - 41?
-29
In base 15, what is -2 - -17?
15
In base 10, what is 27 + 20?
47
In base 13, what is b59 - 5?
b54
In base 3, what is 0 + -2220?
-2220
In base 4, what is -1230 + 10?
-1220
In base 5, what is -4 + 101?
42
In base 12, what is -1 - -3a04?
3a03
In base 10, what is -70 - -10?
-60
In base 9, what is -320 + 5?
-314
In base 4, what is -110121 + -2?
-110123
In base 4, what is -10 - -2011?
2001
In base 4, what is 12 + -203?
-131
In base 12, what is 36 - 33?
3
In base 6, what is 3241 - -4?
3245
In base 11, what is -17 - 3a7?
-413
In base 8, what is -11 + -4?
-15
In base 10, what is 3 + -287?
-284
In base 3, what is -211220 + -2?
-211222
In base 14, what is 1a - 8?
12
In base 7, what is 2 - -112?
114
In base 12, what is -5a5 - 2?
-5a7
In base 3, what is -11021200 - 1?
-11021201
In base 4, what is -3 - 1221?
-1230
In base 15, what is 1 + d9?
da
In base 8, what is -43 + 13?
-30
In base 2, what is 1001110000 + 1?
1001110001
In base 9, what is 14212 + 4?
14216
In base 4, what is 102021 + 3?
102030
In base 16, what is -104 - 3?
-107
In base 11, what is -257 + 4?
-253
In base 8, what is -3 + -103?
-106
In base 4, what is -10 - -200?
130
In base 14, what is 0 + -81?
-81
In base 16, what is -5 - 71?
-76
In base 9, what is 2430 + 2?
2432
In base 14, what is b0 + 6?
b6
In base 8, what is -15 + 777?
762
In base 3, what is -2021 - 21?
-2112
In base 2, what is 1 - -100100101?
100100110
In base 6, what is 5 - -14155?
14204
In base 12, what is 2060 - 4?
2058
In base 16, what is -4 - 13d?
-141
In base 13, what is 8 + -19c?
-194
In base 9, what is 2 - 417?
-415
In base 8, what is 5 - 5064?
-5057
In base 10, what is 1138 - 2?
1136
In base 7, what is 21 + 4614?
4635
In base 5, what is 222 - 1?
221
In base 3, what is -10112112 - -1?
-10112111
In base 7, what is 1 - -1560?
1561
In base 5, what is 10 - -1003?
1013
In base 12, what is 204 + 5?
209
In base 12, what is -415 + -2?
-417
In base 8, what is -163 + -11?
-174
In base 14, what is -146 - -6?
-140
In base 10, what is 767 - -1?
768
In base 8, what is -6011 - -5?
-6004
In base 11, what is -3 + -1a27?
-1a2a
In base 10, what is 13715 - -5?
13720
In base 7, what is -251 - 12?
-263
In base 3, what is 12012121 - 1?
12012120
In base 14, what is -1b + 236?
219
In base 5, what is 3 + -14?
-11
In base 4, what is -3 + -333210?
-333213
In base 3, what is 101222210 - -10?
101222220
In base 9, what is 1223 - 3?
1220
In base 12, what is 4 - a8?
-a4
In base 10, what is 106 + 5?
111
In base 2, what is 11011011 - 100?
11010111
In base 2, what is -101 + -11000101101?
-11000110010
In base 2, what is 110 + -111111?
-111001
In base 5, what is 0 + -121?
-121
In base 10, what is 508 - 3?
505
In base 11, what is -5 - 5?
-a
In base 9, what is 38 + 3?
42
In base 3, what is -10120 - 11?
-10201
In base 13, what is -3 + -3c?
-42
In base 2, what is -100111100 - 1001?
-101000101
In base 16, what is 6 - -2?
8
In base 3, what is -12 - -11?
-1
In base 10, what is -15 + -8?
-23
In base 16, what is -4 - 3?
-7
In base 9, what is -16 + 7?
-8
In base 16, what is -1 + -8e?
-8f
In base 2, what is -100110011111 - -100?
-100110011011
In base 16, what is -2 - -7a?
78
In base 12, what is 3 - -42?
45
In base 13, what is -1 + -545?
-546
In base 3, what is 1000220 + -2?
1000211
In base 9, what is -138 + -202?
-341
In base 6, what is 505 - 4?
501
In base 2, what is 100001 - 1111?
10010
In base 8, what is 61 + -76?
-15
In base 13, what is -296 - 4?
-29a
In base 8, what is 3 - -462?
465
In base 6, what is 2 + 1221?
1223
In base 12, what is -5 - 756?
-75b
In base 6, what is -12 + -305?
-321
In base 13, what is 4 - 16?
-12
In base 8, what is -12 + -122?
-134
In base 14, what is 4a1 - -1?
4a2
In base 13, what is -461b + -2?
-4620
In base 8, what is 2 - 17?
-15
In base 6, what is 1314 - 3?
1311
In base 14, what is -70 - 1d?
-8d
In base 9, what is 0 + 2?
2
In base 9, what is 3 + -107?
-104
In base 6, what is -1 + -5452?
-5453
In base 15, what is -3 + 2e?
2b
In base 5, what is -42 + 110?
13
In base 8, what is -270 + -4?
-274
In base 9, what is -2 + -64?
-66
In base 13, what is 166 - 3?
163
In base 10, what is 5 + -952?
-947
In base 16, what is -1d1 - -7?
-1ca
In base 12, what is 23 + -5?
1a
In base 5, what is 1 - -22201?
22202
In base 5, what is 32 + -10?
22
In base 2, what is 10 + 11000011?
11000101
In base 5, what is 11 - 120?
-104
In base 7, what is 40 + 2?
42
In base 15, what is -26 - 8?
-2e
In base 4, what is -11023 - -11?
-11012
In base 15, what is -1 - 25?
-26
In base 13, what is -112 + 7?
-108
In base 13, what is -4 + -701?
-705
In base 13, what is 186 - 4?
182
In base 8, what is -3 + -2346?
-2351
In base 14, what is 2bc - -4?
2c2
In base 8, what is 5 - -107?
114
In base 8, what is 6 - 44?
-36
In base 16, what is d44 - 5?
d3f
In base 12, what is 4b3 - -5?
4b8
In base 16, what is -a + 1d?
13
In base 4, what is 10 + 1313322?
1313332
In base 9, what is -30 - 71?
-111
In base 3, what is -1020200 + -21?
-1020221
In base 4, what is 1020 - 10?
1010
In base 15, what is a + -40?
-35
In base 2, what is -10100010 + 101?
-10011101
In base 14, what is 130 + 4?
134
In base 15, what is -4 - 58?
-5c
In base 4, what is -11 + 2133?
2122
In base 16, what is 18e6 + 5?
18eb
In base 10, what is -445 - 0?
-445
In base 13, what is 13c + -1?
13b
In base 15, what is 4 - b?
-7
In base 15, what is 22 + 31e?
341
In base 11, what is -45 - 5?
-4a
In base 8, what is -2 + 777?
775
In base 14, what is 0 + 7?
7
In base 2, what is -1 - 111010101110?
-111010101111
In base 14, what is -5b5c - 3?
-5b61
In base 3, what is -1221120 + 2?
-1221111
In base 2, what is 11 + -100001101?
-100001010
In base 2, what is -11001010100 - 1010?
-11001011110
In base 3, what is 1000 + 12?
1012
In base 16, what is 4 + 14?
18
In base 11, what is 15 + -30?
-16
In base 15, what is -e5 + 29?
-bb
In base 4, what is -1322 + 3031?
1103
In base 12, what is 1 - 10?
-b
In base 14, what is 3d1 + c?
3dd
In base 9, what is -20 + -105?
-125
In base 8, what is -15525 - -3?
-15522
In base 8, what is 170 - -15?
205
In base 13, what is -41 - -2?
-3c
In base 7, what is 52434 - -1?
52435
In base 6, what is -1 - 52?
-53
In base 7, what is -6 + -2550?
-2556
In base 14, what is 202 + 5?
207
In base 5, what is -13414 - 2?
-13421
In base 9, what is -130 - -22?
-107
In base 4, what is -32120 - -11?
-32103
In base 2, what is 1 - 11111110?
-11111101
In base 9, what is 1782 - 6?
1775
In base 2, what is 1101 - 11001?
-1100
In base 3, what is -1 + -1011202?
-1011210
In base 13, what is -2